{"id":2690,"date":"2023-03-05T20:51:27","date_gmt":"2023-03-05T19:51:27","guid":{"rendered":"https:\/\/fk-designer.com\/?page_id=2690"},"modified":"2023-09-27T09:25:37","modified_gmt":"2023-09-27T08:25:37","slug":"calamaca","status":"publish","type":"page","link":"https:\/\/fk-designer.com\/index.php\/calamaca\/","title":{"rendered":"CALAMACA"},"content":{"rendered":"\t\t<div data-elementor-type=\"wp-page\" data-elementor-id=\"2690\" class=\"elementor elementor-2690\">\n\t\t\t\t\t\t<section class=\"elementor-section elementor-top-section elementor-element elementor-element-6edf2768 elementor-section-full_width elementor-section-height-default elementor-section-height-default\" data-id=\"6edf2768\" data-element_type=\"section\" data-e-type=\"section\" data-settings=\"{&quot;background_background&quot;:&quot;classic&quot;}\">\n\t\t\t\t\t\t<div class=\"elementor-container elementor-column-gap-no\">\n\t\t\t\t\t<div class=\"elementor-column elementor-col-100 elementor-top-column elementor-element elementor-element-1dee8726\" data-id=\"1dee8726\" data-element_type=\"column\" data-e-type=\"column\">\n\t\t\t<div class=\"elementor-widget-wrap elementor-element-populated\">\n\t\t\t\t\t\t<div class=\"elementor-element elementor-element-34ed00df elementor-widget elementor-widget-heading\" data-id=\"34ed00df\" data-element_type=\"widget\" data-e-type=\"widget\" data-widget_type=\"heading.default\">\n\t\t\t\t<div class=\"elementor-widget-container\">\n\t\t\t\t\t<h1 class=\"elementor-heading-title elementor-size-default\">Calamaca<\/h1>\t\t\t\t<\/div>\n\t\t\t\t<\/div>\n\t\t\t\t<div class=\"elementor-element elementor-element-5f27f7f7 elementor-widget elementor-widget-heading\" data-id=\"5f27f7f7\" data-element_type=\"widget\" data-e-type=\"widget\" data-widget_type=\"heading.default\">\n\t\t\t\t<div class=\"elementor-widget-container\">\n\t\t\t\t\t<h2 class=\"elementor-heading-title elementor-size-default\">Design objet<\/h2>\t\t\t\t<\/div>\n\t\t\t\t<\/div>\n\t\t\t\t\t<\/div>\n\t\t<\/div>\n\t\t\t\t\t<\/div>\n\t\t<\/section>\n\t\t\t\t<section class=\"elementor-section elementor-top-section elementor-element elementor-element-30ff008a elementor-section-full_width elementor-section-stretched elementor-section-height-default elementor-section-height-default\" data-id=\"30ff008a\" data-element_type=\"section\" data-e-type=\"section\" data-settings=\"{&quot;background_background&quot;:&quot;classic&quot;,&quot;stretch_section&quot;:&quot;section-stretched&quot;}\">\n\t\t\t\t\t\t<div class=\"elementor-container elementor-column-gap-no\">\n\t\t\t\t\t<div class=\"elementor-column elementor-col-50 elementor-top-column elementor-element elementor-element-5052f3b\" data-id=\"5052f3b\" data-element_type=\"column\" data-e-type=\"column\" data-settings=\"{&quot;background_background&quot;:&quot;classic&quot;}\">\n\t\t\t<div class=\"elementor-widget-wrap elementor-element-populated\">\n\t\t\t\t\t\t<section class=\"elementor-section elementor-inner-section elementor-element elementor-element-487bd1a5 elementor-section-boxed elementor-section-height-default elementor-section-height-default\" data-id=\"487bd1a5\" data-element_type=\"section\" data-e-type=\"section\">\n\t\t\t\t\t\t<div class=\"elementor-container elementor-column-gap-no\">\n\t\t\t\t\t<div class=\"elementor-column elementor-col-100 elementor-inner-column elementor-element elementor-element-351ac0b1\" data-id=\"351ac0b1\" data-element_type=\"column\" data-e-type=\"column\">\n\t\t\t<div class=\"elementor-widget-wrap elementor-element-populated\">\n\t\t\t\t\t\t<div class=\"elementor-element elementor-element-6097023 elementor-widget elementor-widget-heading\" data-id=\"6097023\" data-element_type=\"widget\" data-e-type=\"widget\" data-widget_type=\"heading.default\">\n\t\t\t\t<div class=\"elementor-widget-container\">\n\t\t\t\t\t<h2 class=\"elementor-heading-title elementor-size-default\">Objet<\/h2>\t\t\t\t<\/div>\n\t\t\t\t<\/div>\n\t\t\t\t<div class=\"elementor-element elementor-element-6d290e66 elementor-widget elementor-widget-text-editor\" data-id=\"6d290e66\" data-element_type=\"widget\" data-e-type=\"widget\" data-widget_type=\"text-editor.default\">\n\t\t\t\t<div class=\"elementor-widget-container\">\n\t\t\t\t\t\t\t\t\t<p><i>Calamaca<\/i> est une biblioth\u00e8que murale. Elle s\u2019inspire d\u2019un instantan\u00e9 du littoral\u00a0:<strong> ses ponts, ses oiseaux et ses bateaux<\/strong>. Elle s\u2019articule autour d\u2019un m\u00e2t central qui supporte trois tablettes. Ce rythme ternaire se retrouve dans les c\u00e2bles d\u2019acier auxquels se suspendent les extr\u00e9mit\u00e9s des tablettes. Agr\u00e9ment\u00e9e de livres, de fleurs, d\u2019objets de d\u00e9coration, ou simplement nue, elle apporte <strong>chaleur<\/strong>, <strong>l\u00e9g\u00e8ret\u00e9<\/strong> et <strong>\u00e9l\u00e9gance<\/strong> aux int\u00e9rieurs.<\/p><p>Constitu\u00e9e de bois massif et de c\u00e2bles en acier, elle se veut une <strong>synth\u00e8se<\/strong> entre la technique industrielle et le savoir-faire artisanal, tant dans son aspect formel que dans sa production.<\/p>\t\t\t\t\t\t\t\t<\/div>\n\t\t\t\t<\/div>\n\t\t\t\t\t<\/div>\n\t\t<\/div>\n\t\t\t\t\t<\/div>\n\t\t<\/section>\n\t\t\t\t\t<\/div>\n\t\t<\/div>\n\t\t\t\t<div class=\"elementor-column elementor-col-50 elementor-top-column elementor-element elementor-element-1439c95c\" data-id=\"1439c95c\" data-element_type=\"column\" data-e-type=\"column\" data-settings=\"{&quot;background_background&quot;:&quot;classic&quot;}\">\n\t\t\t<div class=\"elementor-widget-wrap elementor-element-populated\">\n\t\t\t\t\t\t<div class=\"elementor-element elementor-element-1597c36 elementor-widget elementor-widget-image\" data-id=\"1597c36\" data-element_type=\"widget\" data-e-type=\"widget\" data-widget_type=\"image.default\">\n\t\t\t\t<div class=\"elementor-widget-container\">\n\t\t\t\t\t\t\t\t\t\t\t\t\t\t\t<img fetchpriority=\"high\" decoding=\"async\" width=\"1300\" height=\"1950\" src=\"https:\/\/fk-designer.com\/wp-content\/uploads\/2023\/03\/rendu-face-nu-50mm_web.jpg\" class=\"attachment-full size-full wp-image-2699\" alt=\"vue de face du meuble \u00e0 cot\u00e9 d&#039;une \u00e9chelle\" srcset=\"https:\/\/fk-designer.com\/wp-content\/uploads\/2023\/03\/rendu-face-nu-50mm_web.jpg 1300w, https:\/\/fk-designer.com\/wp-content\/uploads\/2023\/03\/rendu-face-nu-50mm_web-200x300.jpg 200w, https:\/\/fk-designer.com\/wp-content\/uploads\/2023\/03\/rendu-face-nu-50mm_web-683x1024.jpg 683w, https:\/\/fk-designer.com\/wp-content\/uploads\/2023\/03\/rendu-face-nu-50mm_web-768x1152.jpg 768w, https:\/\/fk-designer.com\/wp-content\/uploads\/2023\/03\/rendu-face-nu-50mm_web-1024x1536.jpg 1024w, https:\/\/fk-designer.com\/wp-content\/uploads\/2023\/03\/rendu-face-nu-50mm_web-500x750.jpg 500w, https:\/\/fk-designer.com\/wp-content\/uploads\/2023\/03\/rendu-face-nu-50mm_web-800x1200.jpg 800w, https:\/\/fk-designer.com\/wp-content\/uploads\/2023\/03\/rendu-face-nu-50mm_web-1280x1920.jpg 1280w\" sizes=\"(max-width: 1300px) 100vw, 1300px\" \/>\t\t\t\t\t\t\t\t\t\t\t\t\t\t\t<\/div>\n\t\t\t\t<\/div>\n\t\t\t\t\t<\/div>\n\t\t<\/div>\n\t\t\t\t\t<\/div>\n\t\t<\/section>\n\t\t\t\t<section class=\"elementor-section elementor-top-section elementor-element elementor-element-435db590 elementor-section-full_width elementor-section-height-default elementor-section-height-default\" data-id=\"435db590\" data-element_type=\"section\" data-e-type=\"section\" data-settings=\"{&quot;background_background&quot;:&quot;classic&quot;}\">\n\t\t\t\t\t\t<div class=\"elementor-container elementor-column-gap-no\">\n\t\t\t\t\t<div class=\"elementor-column elementor-col-100 elementor-top-column elementor-element elementor-element-64e45569\" data-id=\"64e45569\" data-element_type=\"column\" data-e-type=\"column\">\n\t\t\t<div class=\"elementor-widget-wrap elementor-element-populated\">\n\t\t\t\t\t\t<section class=\"elementor-section elementor-inner-section elementor-element elementor-element-36b0034a elementor-section-boxed elementor-section-height-default elementor-section-height-default\" data-id=\"36b0034a\" data-element_type=\"section\" data-e-type=\"section\">\n\t\t\t\t\t\t<div class=\"elementor-container elementor-column-gap-default\">\n\t\t\t\t\t<div class=\"elementor-column elementor-col-50 elementor-inner-column elementor-element elementor-element-84165e\" data-id=\"84165e\" data-element_type=\"column\" data-e-type=\"column\">\n\t\t\t<div class=\"elementor-widget-wrap elementor-element-populated\">\n\t\t\t\t\t\t<div class=\"elementor-element elementor-element-34af482b elementor-widget elementor-widget-image\" data-id=\"34af482b\" data-element_type=\"widget\" data-e-type=\"widget\" data-widget_type=\"image.default\">\n\t\t\t\t<div class=\"elementor-widget-container\">\n\t\t\t\t\t\t\t\t\t\t\t\t\t\t\t<img decoding=\"async\" width=\"1109\" height=\"985\" src=\"https:\/\/fk-designer.com\/wp-content\/uploads\/2023\/03\/Drawing-pour-pres.jpg\" class=\"attachment-full size-full wp-image-2705\" alt=\"plan cot\u00e9 biblioth\u00e8que Calamaca\" srcset=\"https:\/\/fk-designer.com\/wp-content\/uploads\/2023\/03\/Drawing-pour-pres.jpg 1109w, https:\/\/fk-designer.com\/wp-content\/uploads\/2023\/03\/Drawing-pour-pres-300x266.jpg 300w, https:\/\/fk-designer.com\/wp-content\/uploads\/2023\/03\/Drawing-pour-pres-1024x910.jpg 1024w, https:\/\/fk-designer.com\/wp-content\/uploads\/2023\/03\/Drawing-pour-pres-768x682.jpg 768w, https:\/\/fk-designer.com\/wp-content\/uploads\/2023\/03\/Drawing-pour-pres-500x444.jpg 500w, https:\/\/fk-designer.com\/wp-content\/uploads\/2023\/03\/Drawing-pour-pres-800x711.jpg 800w\" sizes=\"(max-width: 1109px) 100vw, 1109px\" \/>\t\t\t\t\t\t\t\t\t\t\t\t\t\t\t<\/div>\n\t\t\t\t<\/div>\n\t\t\t\t\t<\/div>\n\t\t<\/div>\n\t\t\t\t<div class=\"elementor-column elementor-col-50 elementor-inner-column elementor-element elementor-element-764ba201\" data-id=\"764ba201\" data-element_type=\"column\" data-e-type=\"column\">\n\t\t\t<div class=\"elementor-widget-wrap elementor-element-populated\">\n\t\t\t\t\t\t<div class=\"elementor-element elementor-element-2ef3964f elementor-widget elementor-widget-image\" data-id=\"2ef3964f\" data-element_type=\"widget\" data-e-type=\"widget\" data-widget_type=\"image.default\">\n\t\t\t\t<div class=\"elementor-widget-container\">\n\t\t\t\t\t\t\t\t\t\t\t\t\t\t\t<img decoding=\"async\" width=\"1000\" height=\"1500\" src=\"https:\/\/fk-designer.com\/wp-content\/uploads\/2023\/08\/Calamaca-3_web.jpg\" class=\"attachment-full size-full wp-image-3117\" alt=\"photographie du prototype biblioth\u00e8que Calamaca\" srcset=\"https:\/\/fk-designer.com\/wp-content\/uploads\/2023\/08\/Calamaca-3_web.jpg 1000w, https:\/\/fk-designer.com\/wp-content\/uploads\/2023\/08\/Calamaca-3_web-200x300.jpg 200w, https:\/\/fk-designer.com\/wp-content\/uploads\/2023\/08\/Calamaca-3_web-683x1024.jpg 683w, https:\/\/fk-designer.com\/wp-content\/uploads\/2023\/08\/Calamaca-3_web-768x1152.jpg 768w, https:\/\/fk-designer.com\/wp-content\/uploads\/2023\/08\/Calamaca-3_web-500x750.jpg 500w, https:\/\/fk-designer.com\/wp-content\/uploads\/2023\/08\/Calamaca-3_web-800x1200.jpg 800w\" sizes=\"(max-width: 1000px) 100vw, 1000px\" \/>\t\t\t\t\t\t\t\t\t\t\t\t\t\t\t<\/div>\n\t\t\t\t<\/div>\n\t\t\t\t\t<\/div>\n\t\t<\/div>\n\t\t\t\t\t<\/div>\n\t\t<\/section>\n\t\t\t\t\t<\/div>\n\t\t<\/div>\n\t\t\t\t\t<\/div>\n\t\t<\/section>\n\t\t\t\t<\/div>\n\t\t","protected":false},"excerpt":{"rendered":"<p>Calamaca Design objet Objet Calamaca est une biblioth\u00e8que murale. Elle s\u2019inspire d\u2019un instantan\u00e9 du littoral\u00a0: ses ponts, ses oiseaux et ses bateaux. Elle s\u2019articule autour d\u2019un m\u00e2t central qui supporte trois tablettes. Ce rythme ternaire se retrouve dans les c\u00e2bles d\u2019acier auxquels se suspendent les extr\u00e9mit\u00e9s des tablettes. Agr\u00e9ment\u00e9e de livres, de fleurs, d\u2019objets de [&hellip;]<\/p>\n","protected":false},"author":1,"featured_media":2699,"parent":0,"menu_order":1,"comment_status":"closed","ping_status":"closed","template":"","meta":{"_seopress_robots_primary_cat":"","_seopress_titles_title":"Projet Calamaca - FK DESIGNER","_seopress_titles_desc":"Calamaca est une biblioth\u00e8que murale. Elle s\u2019inspire d\u2019un instantan\u00e9 du littoral : ses ponts, ses oiseaux et ses bateaux. ","_seopress_robots_index":"","inline_featured_image":false,"site-sidebar-layout":"no-sidebar","site-content-layout":"page-builder","ast-site-content-layout":"","site-content-style":"default","site-sidebar-style":"default","ast-global-header-display":"","ast-banner-title-visibility":"","ast-main-header-display":"","ast-hfb-above-header-display":"","ast-hfb-below-header-display":"","ast-hfb-mobile-header-display":"","site-post-title":"disabled","ast-breadcrumbs-content":"","ast-featured-img":"disabled","footer-sml-layout":"","theme-transparent-header-meta":"","adv-header-id-meta":"","stick-header-meta":"","header-above-stick-meta":"","header-main-stick-meta":"","header-below-stick-meta":"","astra-migrate-meta-layouts":"default","ast-page-background-enabled":"default","ast-page-background-meta":{"desktop":{"background-color":"","background-image":"","background-repeat":"repeat","background-position":"center center","background-size":"auto","background-attachment":"scroll","background-type":"","background-media":"","overlay-type":"","overlay-color":"","overlay-opacity":"","overlay-gradient":""},"tablet":{"background-color":"","background-image":"","background-repeat":"repeat","background-position":"center center","background-size":"auto","background-attachment":"scroll","background-type":"","background-media":"","overlay-type":"","overlay-color":"","overlay-opacity":"","overlay-gradient":""},"mobile":{"background-color":"","background-image":"","background-repeat":"repeat","background-position":"center center","background-size":"auto","background-attachment":"scroll","background-type":"","background-media":"","overlay-type":"","overlay-color":"","overlay-opacity":"","overlay-gradient":""}},"ast-content-background-meta":{"desktop":{"background-color":"var(--ast-global-color-5)","background-image":"","background-repeat":"repeat","background-position":"center center","background-size":"auto","background-attachment":"scroll","background-type":"","background-media":"","overlay-type":"","overlay-color":"","overlay-opacity":"","overlay-gradient":""},"tablet":{"background-color":"var(--ast-global-color-5)","background-image":"","background-repeat":"repeat","background-position":"center center","background-size":"auto","background-attachment":"scroll","background-type":"","background-media":"","overlay-type":"","overlay-color":"","overlay-opacity":"","overlay-gradient":""},"mobile":{"background-color":"var(--ast-global-color-5)","background-image":"","background-repeat":"repeat","background-position":"center center","background-size":"auto","background-attachment":"scroll","background-type":"","background-media":"","overlay-type":"","overlay-color":"","overlay-opacity":"","overlay-gradient":""}},"_vp_format_video_url":"","_vp_image_focal_point":[],"footnotes":""},"categories":[23],"tags":[20,19],"class_list":["post-2690","page","type-page","status-publish","has-post-thumbnail","hentry","category-portfolio","tag-en-avant","tag-portfolio"],"_links":{"self":[{"href":"https:\/\/fk-designer.com\/index.php\/wp-json\/wp\/v2\/pages\/2690","targetHints":{"allow":["GET"]}}],"collection":[{"href":"https:\/\/fk-designer.com\/index.php\/wp-json\/wp\/v2\/pages"}],"about":[{"href":"https:\/\/fk-designer.com\/index.php\/wp-json\/wp\/v2\/types\/page"}],"author":[{"embeddable":true,"href":"https:\/\/fk-designer.com\/index.php\/wp-json\/wp\/v2\/users\/1"}],"replies":[{"embeddable":true,"href":"https:\/\/fk-designer.com\/index.php\/wp-json\/wp\/v2\/comments?post=2690"}],"version-history":[{"count":26,"href":"https:\/\/fk-designer.com\/index.php\/wp-json\/wp\/v2\/pages\/2690\/revisions"}],"predecessor-version":[{"id":3392,"href":"https:\/\/fk-designer.com\/index.php\/wp-json\/wp\/v2\/pages\/2690\/revisions\/3392"}],"wp:featuredmedia":[{"embeddable":true,"href":"https:\/\/fk-designer.com\/index.php\/wp-json\/wp\/v2\/media\/2699"}],"wp:attachment":[{"href":"https:\/\/fk-designer.com\/index.php\/wp-json\/wp\/v2\/media?parent=2690"}],"wp:term":[{"taxonomy":"category","embeddable":true,"href":"https:\/\/fk-designer.com\/index.php\/wp-json\/wp\/v2\/categories?post=2690"},{"taxonomy":"post_tag","embeddable":true,"href":"https:\/\/fk-designer.com\/index.php\/wp-json\/wp\/v2\/tags?post=2690"}],"curies":[{"name":"wp","href":"https:\/\/api.w.org\/{rel}","templated":true}]}}