{"id":867,"date":"2022-02-16T10:04:27","date_gmt":"2022-02-16T09:04:27","guid":{"rendered":"https:\/\/fk-designer.com\/?page_id=867"},"modified":"2023-09-25T09:06:45","modified_gmt":"2023-09-25T08:06:45","slug":"amphibie","status":"publish","type":"page","link":"https:\/\/fk-designer.com\/index.php\/amphibie\/","title":{"rendered":"AMPHIBIE"},"content":{"rendered":"\t\t<div data-elementor-type=\"wp-page\" data-elementor-id=\"867\" class=\"elementor elementor-867\">\n\t\t\t\t\t\t<section class=\"elementor-section elementor-top-section elementor-element elementor-element-435cb455 elementor-section-full_width elementor-section-height-default elementor-section-height-default\" data-id=\"435cb455\" data-element_type=\"section\" data-e-type=\"section\" data-settings=\"{&quot;background_background&quot;:&quot;classic&quot;}\">\n\t\t\t\t\t\t<div class=\"elementor-container elementor-column-gap-no\">\n\t\t\t\t\t<div class=\"elementor-column elementor-col-50 elementor-top-column elementor-element elementor-element-bd41050 elementor-hidden-desktop\" data-id=\"bd41050\" data-element_type=\"column\" data-e-type=\"column\">\n\t\t\t<div class=\"elementor-widget-wrap elementor-element-populated\">\n\t\t\t\t\t\t<div class=\"elementor-element elementor-element-7bfe70c6 elementor-widget elementor-widget-heading\" data-id=\"7bfe70c6\" data-element_type=\"widget\" data-e-type=\"widget\" data-widget_type=\"heading.default\">\n\t\t\t\t<div class=\"elementor-widget-container\">\n\t\t\t\t\t<h1 class=\"elementor-heading-title elementor-size-default\">AMPHIBIE<\/h1>\t\t\t\t<\/div>\n\t\t\t\t<\/div>\n\t\t\t\t<div class=\"elementor-element elementor-element-bcb49b6 elementor-widget elementor-widget-heading\" data-id=\"bcb49b6\" data-element_type=\"widget\" data-e-type=\"widget\" data-widget_type=\"heading.default\">\n\t\t\t\t<div class=\"elementor-widget-container\">\n\t\t\t\t\t<h2 class=\"elementor-heading-title elementor-size-default\">Design d'espace - Architecture<\/h2>\t\t\t\t<\/div>\n\t\t\t\t<\/div>\n\t\t\t\t\t<\/div>\n\t\t<\/div>\n\t\t\t\t<div class=\"elementor-column elementor-col-50 elementor-top-column elementor-element elementor-element-6e8b822 elementor-hidden-tablet elementor-hidden-mobile\" data-id=\"6e8b822\" data-element_type=\"column\" data-e-type=\"column\">\n\t\t\t<div class=\"elementor-widget-wrap elementor-element-populated\">\n\t\t\t\t\t\t<div class=\"elementor-element elementor-element-925d893 elementor-widget elementor-widget-heading\" data-id=\"925d893\" data-element_type=\"widget\" data-e-type=\"widget\" data-widget_type=\"heading.default\">\n\t\t\t\t<div class=\"elementor-widget-container\">\n\t\t\t\t\t<h1 class=\"elementor-heading-title elementor-size-default\">AMPHIBIE<\/h1>\t\t\t\t<\/div>\n\t\t\t\t<\/div>\n\t\t\t\t<div class=\"elementor-element elementor-element-fb39520 elementor-widget elementor-widget-heading\" data-id=\"fb39520\" data-element_type=\"widget\" data-e-type=\"widget\" data-widget_type=\"heading.default\">\n\t\t\t\t<div class=\"elementor-widget-container\">\n\t\t\t\t\t<h2 class=\"elementor-heading-title elementor-size-default\">Design d'espace - Architecture<\/h2>\t\t\t\t<\/div>\n\t\t\t\t<\/div>\n\t\t\t\t\t<\/div>\n\t\t<\/div>\n\t\t\t\t\t<\/div>\n\t\t<\/section>\n\t\t\t\t<section class=\"elementor-section elementor-top-section elementor-element elementor-element-61ed7860 elementor-section-full_width elementor-section-stretched elementor-section-height-default elementor-section-height-default\" data-id=\"61ed7860\" data-element_type=\"section\" data-e-type=\"section\" data-settings=\"{&quot;background_background&quot;:&quot;classic&quot;,&quot;stretch_section&quot;:&quot;section-stretched&quot;}\">\n\t\t\t\t\t\t<div class=\"elementor-container elementor-column-gap-no\">\n\t\t\t\t\t<div class=\"elementor-column elementor-col-50 elementor-top-column elementor-element elementor-element-46a3439b\" data-id=\"46a3439b\" data-element_type=\"column\" data-e-type=\"column\" data-settings=\"{&quot;background_background&quot;:&quot;classic&quot;}\">\n\t\t\t<div class=\"elementor-widget-wrap elementor-element-populated\">\n\t\t\t\t\t\t<section class=\"elementor-section elementor-inner-section elementor-element elementor-element-1e8b2a44 elementor-section-boxed elementor-section-height-default elementor-section-height-default\" data-id=\"1e8b2a44\" data-element_type=\"section\" data-e-type=\"section\">\n\t\t\t\t\t\t<div class=\"elementor-container elementor-column-gap-no\">\n\t\t\t\t\t<div class=\"elementor-column elementor-col-100 elementor-inner-column elementor-element elementor-element-317f2e62\" data-id=\"317f2e62\" data-element_type=\"column\" data-e-type=\"column\">\n\t\t\t<div class=\"elementor-widget-wrap elementor-element-populated\">\n\t\t\t\t\t\t<div class=\"elementor-element elementor-element-1630c0cc elementor-widget elementor-widget-heading\" data-id=\"1630c0cc\" data-element_type=\"widget\" data-e-type=\"widget\" data-widget_type=\"heading.default\">\n\t\t\t\t<div class=\"elementor-widget-container\">\n\t\t\t\t\t<h2 class=\"elementor-heading-title elementor-size-default\">Enjeu<\/h2>\t\t\t\t<\/div>\n\t\t\t\t<\/div>\n\t\t\t\t<div class=\"elementor-element elementor-element-318ff4cc elementor-widget elementor-widget-text-editor\" data-id=\"318ff4cc\" data-element_type=\"widget\" data-e-type=\"widget\" data-widget_type=\"text-editor.default\">\n\t\t\t\t<div class=\"elementor-widget-container\">\n\t\t\t\t\t\t\t\t\t<p><i>Amphibie <\/i>est un projet propos\u00e9 en groupe de deux pour le concours d\u2019architecture et de design Vitalit\u2019y. Le but est d\u2019utiliser le <b>sapin du Jura<\/b> pour insuffler de l\u2019attractivit\u00e9 \u00e0 une aire de stationnement pour bateaux et camping-cars sur le canal du Nivernais. L\u2019id\u00e9e directrice est de redonner une coh\u00e9rence au site en connectant le monde de l\u2019<b>Eau<\/b> et celui de la <b>Terre<\/b>. Il s\u2019agit de donner envie aux plaisanciers fluviaux d\u2019accoster pour d\u00e9couvrir les environs et r\u00e9ciproquement que les habitants et les touristes venus en camping-cars profitent des joies de l\u2019eau.<\/p>\t\t\t\t\t\t\t\t<\/div>\n\t\t\t\t<\/div>\n\t\t\t\t\t<\/div>\n\t\t<\/div>\n\t\t\t\t\t<\/div>\n\t\t<\/section>\n\t\t\t\t\t<\/div>\n\t\t<\/div>\n\t\t\t\t<div class=\"elementor-column elementor-col-50 elementor-top-column elementor-element elementor-element-393c9d07\" data-id=\"393c9d07\" data-element_type=\"column\" data-e-type=\"column\">\n\t\t\t<div class=\"elementor-widget-wrap elementor-element-populated\">\n\t\t\t\t\t\t<section class=\"elementor-section elementor-inner-section elementor-element elementor-element-c26eaf7 elementor-section-boxed elementor-section-height-default elementor-section-height-default\" data-id=\"c26eaf7\" data-element_type=\"section\" data-e-type=\"section\" data-settings=\"{&quot;background_background&quot;:&quot;video&quot;,&quot;background_video_link&quot;:&quot;https:\\\/\\\/www.youtube.com\\\/watch?v=xL-mmHoWzaw&quot;,&quot;background_play_on_mobile&quot;:&quot;yes&quot;,&quot;background_privacy_mode&quot;:&quot;yes&quot;}\">\n\t\t\t\t\t\t\t\t<div class=\"elementor-background-video-container\">\n\t\t\t\t\t\t\t\t\t\t\t\t\t<div class=\"elementor-background-video-embed\" role=\"presentation\"><\/div>\n\t\t\t\t\t\t\t\t\t\t\t\t<\/div>\n\t\t\t\t\t\t\t\t<div class=\"elementor-container elementor-column-gap-default\">\n\t\t\t\t\t<div class=\"elementor-column elementor-col-100 elementor-inner-column elementor-element elementor-element-02d1149\" data-id=\"02d1149\" data-element_type=\"column\" data-e-type=\"column\">\n\t\t\t<div class=\"elementor-widget-wrap elementor-element-populated\">\n\t\t\t\t\t\t<div class=\"elementor-element elementor-element-595bbc7d elementor-widget elementor-widget-image\" data-id=\"595bbc7d\" data-element_type=\"widget\" data-e-type=\"widget\" data-widget_type=\"image.default\">\n\t\t\t\t<div class=\"elementor-widget-container\">\n\t\t\t\t\t\t\t\t\t\t\t\t\t\t\t<img fetchpriority=\"high\" decoding=\"async\" width=\"1024\" height=\"576\" src=\"https:\/\/fk-designer.com\/wp-content\/uploads\/2022\/02\/vue-du-bout-1024x576.png\" class=\"attachment-large size-large wp-image-883\" alt=\"banc et platelage halte de Cravan\" srcset=\"https:\/\/fk-designer.com\/wp-content\/uploads\/2022\/02\/vue-du-bout-1024x576.png 1024w, https:\/\/fk-designer.com\/wp-content\/uploads\/2022\/02\/vue-du-bout-300x169.png 300w, https:\/\/fk-designer.com\/wp-content\/uploads\/2022\/02\/vue-du-bout-768x432.png 768w, https:\/\/fk-designer.com\/wp-content\/uploads\/2022\/02\/vue-du-bout-1536x864.png 1536w, https:\/\/fk-designer.com\/wp-content\/uploads\/2022\/02\/vue-du-bout-2048x1152.png 2048w, https:\/\/fk-designer.com\/wp-content\/uploads\/2022\/02\/vue-du-bout-500x281.png 500w, https:\/\/fk-designer.com\/wp-content\/uploads\/2022\/02\/vue-du-bout-800x450.png 800w, https:\/\/fk-designer.com\/wp-content\/uploads\/2022\/02\/vue-du-bout-1280x720.png 1280w, https:\/\/fk-designer.com\/wp-content\/uploads\/2022\/02\/vue-du-bout-1920x1080.png 1920w\" sizes=\"(max-width: 1024px) 100vw, 1024px\" \/>\t\t\t\t\t\t\t\t\t\t\t\t\t\t\t<\/div>\n\t\t\t\t<\/div>\n\t\t\t\t\t<\/div>\n\t\t<\/div>\n\t\t\t\t\t<\/div>\n\t\t<\/section>\n\t\t\t\t\t<\/div>\n\t\t<\/div>\n\t\t\t\t\t<\/div>\n\t\t<\/section>\n\t\t\t\t<section class=\"elementor-section elementor-top-section elementor-element elementor-element-e8e9c3 elementor-section-full_width elementor-section-height-default elementor-section-height-default\" data-id=\"e8e9c3\" data-element_type=\"section\" data-e-type=\"section\" data-settings=\"{&quot;background_background&quot;:&quot;classic&quot;}\">\n\t\t\t\t\t\t<div class=\"elementor-container elementor-column-gap-no\">\n\t\t\t\t\t<div class=\"elementor-column elementor-col-100 elementor-top-column elementor-element elementor-element-5bbc6875\" data-id=\"5bbc6875\" data-element_type=\"column\" data-e-type=\"column\">\n\t\t\t<div class=\"elementor-widget-wrap elementor-element-populated\">\n\t\t\t\t\t\t<section class=\"elementor-section elementor-inner-section elementor-element elementor-element-6d15a3a8 elementor-section-boxed elementor-section-height-default elementor-section-height-default\" data-id=\"6d15a3a8\" data-element_type=\"section\" data-e-type=\"section\">\n\t\t\t\t\t\t<div class=\"elementor-container elementor-column-gap-default\">\n\t\t\t\t\t<div class=\"elementor-column elementor-col-50 elementor-inner-column elementor-element elementor-element-d6a5c7\" data-id=\"d6a5c7\" data-element_type=\"column\" data-e-type=\"column\">\n\t\t\t<div class=\"elementor-widget-wrap elementor-element-populated\">\n\t\t\t\t\t\t<div class=\"elementor-element elementor-element-3db73033 elementor-widget elementor-widget-image\" data-id=\"3db73033\" data-element_type=\"widget\" data-e-type=\"widget\" data-widget_type=\"image.default\">\n\t\t\t\t<div class=\"elementor-widget-container\">\n\t\t\t\t\t\t\t\t\t\t\t\t\t\t\t<img decoding=\"async\" src=\"https:\/\/fk-designer.com\/wp-content\/uploads\/2022\/02\/plan_masse_myriad300DPI.jpg\" title=\"plan_masse_myriad300DPI\" alt=\"disposition des espaces halte nautique de Cravant Bazarnes\" loading=\"lazy\" \/>\t\t\t\t\t\t\t\t\t\t\t\t\t\t\t<\/div>\n\t\t\t\t<\/div>\n\t\t\t\t\t<\/div>\n\t\t<\/div>\n\t\t\t\t<div class=\"elementor-column elementor-col-50 elementor-inner-column elementor-element elementor-element-664f39db\" data-id=\"664f39db\" data-element_type=\"column\" data-e-type=\"column\">\n\t\t\t<div class=\"elementor-widget-wrap elementor-element-populated\">\n\t\t\t\t\t\t<div class=\"elementor-element elementor-element-32431e92 elementor-widget elementor-widget-image\" data-id=\"32431e92\" data-element_type=\"widget\" data-e-type=\"widget\" data-widget_type=\"image.default\">\n\t\t\t\t<div class=\"elementor-widget-container\">\n\t\t\t\t\t\t\t\t\t\t\t\t\t\t\t<img decoding=\"async\" width=\"1024\" height=\"576\" src=\"https:\/\/fk-designer.com\/wp-content\/uploads\/2022\/02\/perspective-haut_web-1024x576.png\" class=\"attachment-large size-large wp-image-891\" alt=\"vue perspective photor\u00e9aliste halte nautique de Cravant Bazarnes\" srcset=\"https:\/\/fk-designer.com\/wp-content\/uploads\/2022\/02\/perspective-haut_web-1024x576.png 1024w, https:\/\/fk-designer.com\/wp-content\/uploads\/2022\/02\/perspective-haut_web-300x169.png 300w, https:\/\/fk-designer.com\/wp-content\/uploads\/2022\/02\/perspective-haut_web-768x432.png 768w, https:\/\/fk-designer.com\/wp-content\/uploads\/2022\/02\/perspective-haut_web-500x281.png 500w, https:\/\/fk-designer.com\/wp-content\/uploads\/2022\/02\/perspective-haut_web-800x450.png 800w, https:\/\/fk-designer.com\/wp-content\/uploads\/2022\/02\/perspective-haut_web-1280x720.png 1280w, https:\/\/fk-designer.com\/wp-content\/uploads\/2022\/02\/perspective-haut_web.png 1366w\" sizes=\"(max-width: 1024px) 100vw, 1024px\" \/>\t\t\t\t\t\t\t\t\t\t\t\t\t\t\t<\/div>\n\t\t\t\t<\/div>\n\t\t\t\t\t<\/div>\n\t\t<\/div>\n\t\t\t\t\t<\/div>\n\t\t<\/section>\n\t\t\t\t\t<\/div>\n\t\t<\/div>\n\t\t\t\t\t<\/div>\n\t\t<\/section>\n\t\t\t\t<section class=\"elementor-section elementor-top-section elementor-element elementor-element-6c8aefa8 elementor-section-full_width elementor-section-stretched elementor-section-height-default elementor-section-height-default\" data-id=\"6c8aefa8\" data-element_type=\"section\" data-e-type=\"section\" data-settings=\"{&quot;background_background&quot;:&quot;classic&quot;,&quot;stretch_section&quot;:&quot;section-stretched&quot;}\">\n\t\t\t\t\t\t<div class=\"elementor-container elementor-column-gap-no\">\n\t\t\t\t\t<div class=\"elementor-column elementor-col-50 elementor-top-column elementor-element elementor-element-760e9f36\" data-id=\"760e9f36\" data-element_type=\"column\" data-e-type=\"column\" data-settings=\"{&quot;background_background&quot;:&quot;classic&quot;}\">\n\t\t\t<div class=\"elementor-widget-wrap elementor-element-populated\">\n\t\t\t\t\t\t<section class=\"elementor-section elementor-inner-section elementor-element elementor-element-491c80c1 elementor-section-boxed elementor-section-height-default elementor-section-height-default\" data-id=\"491c80c1\" data-element_type=\"section\" data-e-type=\"section\">\n\t\t\t\t\t\t<div class=\"elementor-container elementor-column-gap-no\">\n\t\t\t\t\t<div class=\"elementor-column elementor-col-100 elementor-inner-column elementor-element elementor-element-72a5acfa\" data-id=\"72a5acfa\" data-element_type=\"column\" data-e-type=\"column\">\n\t\t\t<div class=\"elementor-widget-wrap elementor-element-populated\">\n\t\t\t\t\t\t<div class=\"elementor-element elementor-element-6e78391e elementor-widget elementor-widget-heading\" data-id=\"6e78391e\" data-element_type=\"widget\" data-e-type=\"widget\" data-widget_type=\"heading.default\">\n\t\t\t\t<div class=\"elementor-widget-container\">\n\t\t\t\t\t<h2 class=\"elementor-heading-title elementor-size-default\">Projet<\/h2>\t\t\t\t<\/div>\n\t\t\t\t<\/div>\n\t\t\t\t<div class=\"elementor-element elementor-element-34003b9b elementor-widget elementor-widget-text-editor\" data-id=\"34003b9b\" data-element_type=\"widget\" data-e-type=\"widget\" data-widget_type=\"text-editor.default\">\n\t\t\t\t<div class=\"elementor-widget-container\">\n\t\t\t\t\t\t\t\t\t<p>Ce projet propose le r\u00e9am\u00e9nagement des berges par un ensemble de <strong>pontons<\/strong> et de <strong>platelages<\/strong> en sapin. Ceux-ci relient les diff\u00e9rents espaces par une promenade le long de l\u2019eau et facilitent l\u2019accostage des bateaux et la mise \u00e0 l\u2019eau des cano\u00e9s et petits bateaux propos\u00e9s \u00e0 la location. L\u2019am\u00e9nagement du site s\u2019articule autour d\u2019un \u00e9l\u00e9ment central, un <strong>b\u00e2timent \u00e0 cheval sur le canal et la berge<\/strong>. Son aspect formel et l\u2019utilisation structurelle du sapin du jura \u00e9voque le dialogue entre la terre et l\u2019eau. Ce b\u00e2timent assure les services principaux\u00a0: accueil et renseignements, d\u00e9bit de boisson, vente de produits r\u00e9gionaux.<\/p>\t\t\t\t\t\t\t\t<\/div>\n\t\t\t\t<\/div>\n\t\t\t\t\t<\/div>\n\t\t<\/div>\n\t\t\t\t\t<\/div>\n\t\t<\/section>\n\t\t\t\t\t<\/div>\n\t\t<\/div>\n\t\t\t\t<div class=\"elementor-column elementor-col-50 elementor-top-column elementor-element elementor-element-73482ef2\" data-id=\"73482ef2\" data-element_type=\"column\" data-e-type=\"column\">\n\t\t\t<div class=\"elementor-widget-wrap elementor-element-populated\">\n\t\t\t\t\t\t<div class=\"elementor-element elementor-element-202c261d elementor-widget elementor-widget-image\" data-id=\"202c261d\" data-element_type=\"widget\" data-e-type=\"widget\" data-widget_type=\"image.default\">\n\t\t\t\t<div class=\"elementor-widget-container\">\n\t\t\t\t\t\t\t\t\t\t\t\t\t\t\t<img decoding=\"async\" width=\"1024\" height=\"576\" src=\"https:\/\/fk-designer.com\/wp-content\/uploads\/2022\/02\/vue-interieur-web-1024x576.png\" class=\"attachment-large size-large wp-image-905\" alt=\"mobilier d&#039;accueil halte nautique de Cravant Bazarnes\" srcset=\"https:\/\/fk-designer.com\/wp-content\/uploads\/2022\/02\/vue-interieur-web-1024x576.png 1024w, https:\/\/fk-designer.com\/wp-content\/uploads\/2022\/02\/vue-interieur-web-300x169.png 300w, https:\/\/fk-designer.com\/wp-content\/uploads\/2022\/02\/vue-interieur-web-768x432.png 768w, https:\/\/fk-designer.com\/wp-content\/uploads\/2022\/02\/vue-interieur-web-500x281.png 500w, https:\/\/fk-designer.com\/wp-content\/uploads\/2022\/02\/vue-interieur-web-800x450.png 800w, https:\/\/fk-designer.com\/wp-content\/uploads\/2022\/02\/vue-interieur-web-1280x720.png 1280w, https:\/\/fk-designer.com\/wp-content\/uploads\/2022\/02\/vue-interieur-web.png 1366w\" sizes=\"(max-width: 1024px) 100vw, 1024px\" \/>\t\t\t\t\t\t\t\t\t\t\t\t\t\t\t<\/div>\n\t\t\t\t<\/div>\n\t\t\t\t\t<\/div>\n\t\t<\/div>\n\t\t\t\t\t<\/div>\n\t\t<\/section>\n\t\t\t\t<section class=\"elementor-section elementor-top-section elementor-element elementor-element-594813f5 elementor-section-full_width elementor-section-height-default elementor-section-height-default\" data-id=\"594813f5\" data-element_type=\"section\" data-e-type=\"section\" data-settings=\"{&quot;background_background&quot;:&quot;classic&quot;}\">\n\t\t\t\t\t\t<div class=\"elementor-container elementor-column-gap-no\">\n\t\t\t\t\t<div class=\"elementor-column elementor-col-100 elementor-top-column elementor-element elementor-element-7608ea30\" data-id=\"7608ea30\" data-element_type=\"column\" data-e-type=\"column\">\n\t\t\t<div class=\"elementor-widget-wrap elementor-element-populated\">\n\t\t\t\t\t\t<section class=\"elementor-section elementor-inner-section elementor-element elementor-element-37a174a3 elementor-section-full_width elementor-section-height-default elementor-section-height-default\" data-id=\"37a174a3\" data-element_type=\"section\" data-e-type=\"section\">\n\t\t\t\t\t\t<div class=\"elementor-container elementor-column-gap-default\">\n\t\t\t\t\t<div class=\"elementor-column elementor-col-50 elementor-inner-column elementor-element elementor-element-6cc82b5\" data-id=\"6cc82b5\" data-element_type=\"column\" data-e-type=\"column\">\n\t\t\t<div class=\"elementor-widget-wrap elementor-element-populated\">\n\t\t\t\t\t\t<div class=\"elementor-element elementor-element-427aecc1 elementor-widget elementor-widget-image\" data-id=\"427aecc1\" data-element_type=\"widget\" data-e-type=\"widget\" data-widget_type=\"image.default\">\n\t\t\t\t<div class=\"elementor-widget-container\">\n\t\t\t\t\t\t\t\t\t\t\t\t\t\t\t<img decoding=\"async\" src=\"https:\/\/fk-designer.com\/wp-content\/uploads\/2022\/02\/Capture-plan.png\" title=\"Capture plan\" alt=\"plan architecture halte nautique de Cravant Bazarnes\" loading=\"lazy\" \/>\t\t\t\t\t\t\t\t\t\t\t\t\t\t\t<\/div>\n\t\t\t\t<\/div>\n\t\t\t\t\t<\/div>\n\t\t<\/div>\n\t\t\t\t<div class=\"elementor-column elementor-col-50 elementor-inner-column elementor-element elementor-element-6abdab79\" data-id=\"6abdab79\" data-element_type=\"column\" data-e-type=\"column\">\n\t\t\t<div class=\"elementor-widget-wrap elementor-element-populated\">\n\t\t\t\t\t\t<div class=\"elementor-element elementor-element-24a8b092 elementor-widget elementor-widget-image\" data-id=\"24a8b092\" data-element_type=\"widget\" data-e-type=\"widget\" data-widget_type=\"image.default\">\n\t\t\t\t<div class=\"elementor-widget-container\">\n\t\t\t\t\t\t\t\t\t\t\t\t\t\t\t<img loading=\"lazy\" decoding=\"async\" width=\"1600\" height=\"1000\" src=\"https:\/\/fk-designer.com\/wp-content\/uploads\/2022\/02\/etape4_detoure300Dpi.png\" class=\"attachment-2048x2048 size-2048x2048 wp-image-906\" alt=\"batiment d&#039;accueil halte nautique de Cravant Bazarnes\" srcset=\"https:\/\/fk-designer.com\/wp-content\/uploads\/2022\/02\/etape4_detoure300Dpi.png 1600w, https:\/\/fk-designer.com\/wp-content\/uploads\/2022\/02\/etape4_detoure300Dpi-300x188.png 300w, https:\/\/fk-designer.com\/wp-content\/uploads\/2022\/02\/etape4_detoure300Dpi-1024x640.png 1024w, https:\/\/fk-designer.com\/wp-content\/uploads\/2022\/02\/etape4_detoure300Dpi-768x480.png 768w, https:\/\/fk-designer.com\/wp-content\/uploads\/2022\/02\/etape4_detoure300Dpi-1536x960.png 1536w, https:\/\/fk-designer.com\/wp-content\/uploads\/2022\/02\/etape4_detoure300Dpi-500x313.png 500w, https:\/\/fk-designer.com\/wp-content\/uploads\/2022\/02\/etape4_detoure300Dpi-800x500.png 800w, https:\/\/fk-designer.com\/wp-content\/uploads\/2022\/02\/etape4_detoure300Dpi-1280x800.png 1280w\" sizes=\"(max-width: 1600px) 100vw, 1600px\" \/>\t\t\t\t\t\t\t\t\t\t\t\t\t\t\t<\/div>\n\t\t\t\t<\/div>\n\t\t\t\t\t<\/div>\n\t\t<\/div>\n\t\t\t\t\t<\/div>\n\t\t<\/section>\n\t\t\t\t\t<\/div>\n\t\t<\/div>\n\t\t\t\t\t<\/div>\n\t\t<\/section>\n\t\t\t\t<\/div>\n\t\t","protected":false},"excerpt":{"rendered":"<p>AMPHIBIE Design d&rsquo;espace &#8211; Architecture AMPHIBIE Design d&rsquo;espace &#8211; Architecture Enjeu Amphibie est un projet propos\u00e9 en groupe de deux pour le concours d\u2019architecture et de design Vitalit\u2019y. Le but est d\u2019utiliser le sapin du Jura pour insuffler de l\u2019attractivit\u00e9 \u00e0 une aire de stationnement pour bateaux et camping-cars sur le canal du Nivernais. L\u2019id\u00e9e [&hellip;]<\/p>\n","protected":false},"author":1,"featured_media":873,"parent":0,"menu_order":2,"comment_status":"closed","ping_status":"closed","template":"","meta":{"_seopress_robots_primary_cat":"","_seopress_titles_title":"Projet Amphibie - FK DESIGNER","_seopress_titles_desc":"Amphibie est un projet de r\u00e9am\u00e9nagement de la halte nautique de Cravant-Bazarnes, utilisant au mieux le sapin du Jura et la pierre de Bourgogne.","_seopress_robots_index":"","inline_featured_image":false,"site-sidebar-layout":"no-sidebar","site-content-layout":"page-builder","ast-site-content-layout":"","site-content-style":"default","site-sidebar-style":"default","ast-global-header-display":"","ast-banner-title-visibility":"","ast-main-header-display":"","ast-hfb-above-header-display":"","ast-hfb-below-header-display":"","ast-hfb-mobile-header-display":"","site-post-title":"disabled","ast-breadcrumbs-content":"","ast-featured-img":"disabled","footer-sml-layout":"","theme-transparent-header-meta":"","adv-header-id-meta":"","stick-header-meta":"","header-above-stick-meta":"","header-main-stick-meta":"","header-below-stick-meta":"","astra-migrate-meta-layouts":"default","ast-page-background-enabled":"default","ast-page-background-meta":{"desktop":{"background-color":"","background-image":"","background-repeat":"repeat","background-position":"center center","background-size":"auto","background-attachment":"scroll","background-type":"","background-media":"","overlay-type":"","overlay-color":"","overlay-opacity":"","overlay-gradient":""},"tablet":{"background-color":"","background-image":"","background-repeat":"repeat","background-position":"center center","background-size":"auto","background-attachment":"scroll","background-type":"","background-media":"","overlay-type":"","overlay-color":"","overlay-opacity":"","overlay-gradient":""},"mobile":{"background-color":"","background-image":"","background-repeat":"repeat","background-position":"center center","background-size":"auto","background-attachment":"scroll","background-type":"","background-media":"","overlay-type":"","overlay-color":"","overlay-opacity":"","overlay-gradient":""}},"ast-content-background-meta":{"desktop":{"background-color":"var(--ast-global-color-5)","background-image":"","background-repeat":"repeat","background-position":"center center","background-size":"auto","background-attachment":"scroll","background-type":"","background-media":"","overlay-type":"","overlay-color":"","overlay-opacity":"","overlay-gradient":""},"tablet":{"background-color":"var(--ast-global-color-5)","background-image":"","background-repeat":"repeat","background-position":"center center","background-size":"auto","background-attachment":"scroll","background-type":"","background-media":"","overlay-type":"","overlay-color":"","overlay-opacity":"","overlay-gradient":""},"mobile":{"background-color":"var(--ast-global-color-5)","background-image":"","background-repeat":"repeat","background-position":"center center","background-size":"auto","background-attachment":"scroll","background-type":"","background-media":"","overlay-type":"","overlay-color":"","overlay-opacity":"","overlay-gradient":""}},"_vp_format_video_url":"","_vp_image_focal_point":[],"footnotes":""},"categories":[23],"tags":[19],"class_list":["post-867","page","type-page","status-publish","has-post-thumbnail","hentry","category-portfolio","tag-portfolio"],"_links":{"self":[{"href":"https:\/\/fk-designer.com\/index.php\/wp-json\/wp\/v2\/pages\/867","targetHints":{"allow":["GET"]}}],"collection":[{"href":"https:\/\/fk-designer.com\/index.php\/wp-json\/wp\/v2\/pages"}],"about":[{"href":"https:\/\/fk-designer.com\/index.php\/wp-json\/wp\/v2\/types\/page"}],"author":[{"embeddable":true,"href":"https:\/\/fk-designer.com\/index.php\/wp-json\/wp\/v2\/users\/1"}],"replies":[{"embeddable":true,"href":"https:\/\/fk-designer.com\/index.php\/wp-json\/wp\/v2\/comments?post=867"}],"version-history":[{"count":71,"href":"https:\/\/fk-designer.com\/index.php\/wp-json\/wp\/v2\/pages\/867\/revisions"}],"predecessor-version":[{"id":1572,"href":"https:\/\/fk-designer.com\/index.php\/wp-json\/wp\/v2\/pages\/867\/revisions\/1572"}],"wp:featuredmedia":[{"embeddable":true,"href":"https:\/\/fk-designer.com\/index.php\/wp-json\/wp\/v2\/media\/873"}],"wp:attachment":[{"href":"https:\/\/fk-designer.com\/index.php\/wp-json\/wp\/v2\/media?parent=867"}],"wp:term":[{"taxonomy":"category","embeddable":true,"href":"https:\/\/fk-designer.com\/index.php\/wp-json\/wp\/v2\/categories?post=867"},{"taxonomy":"post_tag","embeddable":true,"href":"https:\/\/fk-designer.com\/index.php\/wp-json\/wp\/v2\/tags?post=867"}],"curies":[{"name":"wp","href":"https:\/\/api.w.org\/{rel}","templated":true}]}}